*d - 915345 - 2669893 - 595604. Calculate the highest common divisor of 54 and d.
54
Let m(p) = -284*p + 5912. Let f be m(16). Calculate the greatest common divisor of 190 and f.
38
Let p(l) = -374*l**3 - 3*l**2 - 31*l - 52. Let q be p(-2). Calculate the highest common factor of 184 and q.
46
Let c = 781 - 778. Let n = 8 - 5. Suppose 2*j = z + n, -5*j = -3*z - c - 3. What is the highest common factor of 9 and z?
3
Let x = -16 - -24. Suppose -5*j - 93 + 673 = 0. Calculate the greatest common divisor of x and j.
4
Let f be ((-180)/(-9))/4 - -4. Suppose -12*u + 2304 = 4*s - f*u, 0 = u. What is the highest common factor of 9 and s?
9
Let p(c) = -c**2 + 3*c - 3. Suppose -v + 4*v - 6 = 0. Let d be p(v). Let z be d*(3 + (-3 - -3) - 27). What is the greatest common divisor of z and 32?
8
Suppose 4*q - 689 = 3*c, 4*q + 4*c = q + 548. Let y be 55/(-50)*(62 + -72). What is the greatest common divisor of y and q?
11
Let t = 108 - 138. Let o be (3 - t/(-9)) + (-13)/(-3). Suppose -2*z - 4*s = -z - 64, -o*z - 4*s + 280 = 0. What is the highest common factor of 24 and z?
24
Suppose 2*q + 3*f - 5833 = 0, -4*f = 5*q - 9*f - 14570. What is the highest common factor of 88 and q?
11
Let o be 14/(1*(-2)/(-10)). Let q(i) = -i - 34. Let j be q(-15). Let n = 33 + j. What is the highest common factor of o and n?
14
Let w(x) = 12*x - 53. Let l be w(5). Let v be -10*(4 - 3)*(-14)/4. What is the highest common factor of l and v?
7
Let n = 2062 + -1690. Calculate the greatest common factor of 516 and n.
12
Suppose -264*g = -217*g - 329. Let j = 12 - 0. Suppose -115 = -j*w + g*w. What is the greatest common factor of 253 and w?
23
Suppose -67*m - 3564 = -89*m. What is the greatest common divisor of m and 342?
18
Suppose 5*s - 3*t = 41, 3*t = 370 - 361. Calculate the greatest common divisor of 145 and s.
5
Let r(g) = -g**2 + 11*g + 10. Let y be r(11). Suppose 66 = 7*h + y. What is the greatest common divisor of h and 56?
8
Let b(i) = 23*i - 1. Let n be (2/(-6))/((-1)/(-3)). Let t be b(n). Let s = t - -28. What is the greatest common factor of s and 36?
4
Suppose 48 = -15*o - 42. Let c be -2 - ((-3)/(o/6) + -31). Calculate the highest common divisor of 1 and c.
1
Let g be (-127)/14*-86 + 270/315. What is the highest common divisor of g and 88?
11
Let h(m) = -6*m - 11. Suppose -5 = -5*z, 2*f - 4*z - 86 = -f. Let v = 23 - f. Let i be h(v). Calculate the highest common divisor of i and 155.
31
Let y(x) = -23*x + 508. Let d be y(22). Suppose 0 = -7*o - 210 + 868. What is the highest common divisor of d and o?
2
Let h(k) = -3*k + 117. Let b be h(12). Let v be b*(-4)/48*-8. Calculate the greatest common factor of v and 153.
9
Suppose 2*t - 275 - 212 = 5*o, 0 = t - 4*o - 248. What is the greatest common factor of 413 and t?
59
Let v(z) = 10*z + z**2 + 8*z**2 - 11 - 7 - 10*z**2. Let i be v(4). What is the greatest common divisor of 6 and i?
6
Let v be ((-7)/4)/((-17)/68). Suppose -v*o + 143 = -95. What is the greatest common factor of o and 17?
17
Let g = 421 + -417. Suppose -4*n - 29 = -3*j - 6*n, -2*j - 2 = -g*n. Suppose -252 = -6*w + 2*w. What is the greatest common divisor of j and w?
7
Let h(i) = 6*i**2 - 3*i + 3. Suppose -6 = -4*a + 2*a. Let s be h(a). Let w be ((-450)/12)/(-25) - (-423)/6. What is the greatest common divisor of w and s?
24
Let g be (32/6)/(2/15). Let q be 33 + 44/(572/(-169)). What is the greatest common factor of q and g?
20
Let g be (-2)/15 + (-1 - (-693)/135). Suppose -504 = -5*f + g*t, -t + 4*t = -3*f + 297. Calculate the highest common factor of 25 and f.
25
Let n(k) = -k**3 - 3*k**2 + 2*k + 15. Let c be n(3). Let m be c/21 + (-21)/49 + 8. What is the greatest common divisor of 222 and m?
6
Suppose 30*j - 143 = 1177. What is the highest common factor of j and 836?
44
Let v be 70383/87 + 4*-1. What is the highest common factor of v and 525?
35
Let n = 67 + -97. Let s be ((-144)/(-10))/((-3)/n). Suppose 4*i = 2*c + 54, -97*c - 27 = -3*i - 94*c. What is the highest common factor of s and i?
18
Let a(t) = -11*t - 6. Let n be a(7). Let u = -32 - n. Let q = -15802 + 15836. Calculate the highest common divisor of q and u.
17
Let j = -752 + 893. What is the greatest common factor of j and 6063?
141
Suppose -23*o = -31*o + 8. Let x be 468/(-72)*(o - 79). Calculate the greatest common factor of 39 and x.
39
Let m = 7 - 2. Let r be (-2120)/(-48) + (-1)/6. Suppose 4*v = -3*w - 4 + r, 110 = 5*w - 2*v. Calculate the highest common divisor of w and m.
5
Suppose -2*u + 3*o = -2794, -591*u = -593*u + 5*o + 2806. What is the highest common divisor of 4 and u?
4
Let u be ((-15)/(-3))/((-4)/8). Let w = 40 + u. Suppose 0 = d - 4*f, w = 2*d - 0*d + 2*f. What is the greatest common divisor of 12 and d?
12
Suppose 5*q = 7*q - 4. Let b(g) = 3*g**2 - 4*g - 2. Let m be b(q). Let c be ((-6)/(-9))/(m/6). What is the highest common factor of c and 16?
2
Let i be (((-48)/2)/(-3))/((-1)/(-23))*4. Calculate the highest common factor of i and 644.
92
Let m be 10 + 1 - (89 - 183). Calculate the highest common factor of m and 378.
21
Let z be (2 + 23)/(-1)*-109 - (15 - 17). What is the greatest common divisor of z and 404?
101
Let d(c) = c + 4. Let k(g) = -g + 1. Let u(l) = 3*d(l) - 3*k(l). Let i be u(8). Suppose 84*q - 2204 = -32*q. What is the greatest common factor of i and q?
19
Suppose 2*u = 2*j + 10, -u + 3*j = -0 - 7. Let l be (-11010)/(-20) + (-2)/u. Calculate the greatest common factor of l and 22.
22
Let n = -474 - -490. Let l be (257 - n) + (3 - 9). Calculate the highest common divisor of l and 5.
5
Let n(k) be the third derivative of -k**6/120 - 2*k**5/15 - k**4/6 + k**3/3 - 60*k**2. Let d be n(-8). Calculate the greatest common factor of d and 306.
34
Let k = 1856 + -1813. Let w(s) = -s**3 + 7*s**2 + 4*s + 7. Let j be w(6). Suppose u - j - 234 = 0. Calculate the greatest common divisor of u and k.
43
Suppose 7*l - 155946 = -87801. What is the greatest common divisor of l and 165?
165
Suppose -13 = -d - 3*g, -d = -0*d - 2*g - 23. Let l be -4 - (-1 - (-1 + 192)). Suppose -y - 4 = y, l = 2*k + y. Calculate the highest common divisor of k and d.
19
Suppose -28 = -5*r + 17*o - 20*o, -5*r + 22 = -3*o. Suppose r*l + 143 = 723. Calculate the greatest common divisor of l and 4.
4
Let g be (8 - 16)/(-2) + (1 - -398). Let o = 442 - g. What is the greatest common factor of 364 and o?
13
Suppose -34*q + 33*q = 2*v - 1, -4*q + 28 = -4*v. Let s be (v/4)/((-66)/9900). Calculate the greatest common factor of 195 and s.
15
Let m(o) = -o**3 - 12*o**2 + 4. Let k be m(-12). Let q be (0/1)/((k/2)/1). Let l be 27 - -1 - (2 - q). What is the greatest common divisor of l and 78?
26
Suppose j - o = 501, -5*j + 1251*o + 2520 = 1249*o. Calculate the highest common divisor of j and 374.
22
Let o = -176 - -281. Let y = -2267 - -2337. What is the greatest common divisor of o and y?
35
Let r = -1929 - -1934. Calculate the greatest common divisor of r and 65.
5
Suppose 4*h + 3796 = -z + 10763, h + 6*z = 1736. What is the highest common divisor of 338 and h?
26
Suppose -4*h = a - 5, -3*a + 8*h = 4*h - 79. Let k = 9 + -7. Let s be (-1)/k*(-211 - -1). What is the highest common divisor of s and a?
21
Suppose 1539 = -833*h + 852*h. What is the greatest common divisor of 90 and h?
9
Let h be -4*10/(-5)*100/16. Calculate the greatest common factor of h and 10.
10
Let i be (-1 - (-2 + -10)) + -1. Let s be (i/3)/((-2)/(-96)). Suppose 0 = 57*x - 357295 + 353647. What is the greatest common factor of s and x?
32
Let a be (30/(-6) - -17) + 12. Calculate the greatest common factor of a and 22488.
24
Suppose 4*u - 13 = 4*s + 3, -11 = -2*u + 3*s. Let x be (1/(-2))/(-1)*14*u. Calculate the greatest common factor of 7 and x.
7
Suppose 69 = 3*h - 3*v - 54, -5*h = 4*v - 241. Let y = 46 - 29. Suppose -b - 2*o + 5 = 0, -3*o = -4*b + 3 + y. Calculate the highest common divisor of h and b.
5
Suppose j - 2*j = -66. Suppose i - 38 = -4*t + 8*t, 3*i + 4*t = 34. Let f be -66*((-8)/i - 16/288). What is the highest common divisor of f and j?
33
Let b(k) = k**2 - 85*k + 51. Let s be b(0). Calculate the greatest common divisor of s and 85.
17
Let d(q) = 21*q**3 + 2*q**2 + 107*q - 108. Let x be d(1). Let l(z) = -z**2 + z + 132. Let n be l(0). Calculate the greatest common divisor of n and x.
22
Let z = 370 - 287. Let l be -1 - 2 - -3*(